at is the highest common divisor of v and d?
15
Suppose -22 = -2*i - 66. Let m = -14 - i. Suppose m*u = -2*u + 2640. What is the highest common factor of u and 24?
24
Suppose 100 = -4*p + 2*r, 4*p - 8*r = -4*r - 100. Let m(q) = q**2 + 16*q + 36. Let s be m(p). What is the highest common factor of 58 and s?
29
Let x = 69 + 489. Suppose x = 6*l - 360. What is the highest common factor of l and 17?
17
Suppose -2*j = -3*v - 4*j, -5*v = 5*j. Suppose 2567*a - 2571*a + 800 = v. What is the greatest common factor of 75 and a?
25
Let u(m) = m**2 - 3*m + 8. Let g be u(6). Suppose -g = -l + 19. Suppose -14*n = -11*n - l. Calculate the highest common divisor of 5 and n.
5
Let v be (-2 - (-10)/4)*(-30 - 890)/(-20). Calculate the highest common divisor of v and 29647.
23
Suppose 3*t = -405 + 78. Suppose 4*a + 3*q = 445, -15*a = -14*a + 3*q - 109. Let f = t + a. Calculate the greatest common divisor of f and 45.
3
Suppose -a - 1573 = -2*q + 50332, 77840 = 3*q + 2*a. Calculate the greatest common divisor of 150 and q.
150
Let y(w) = 55 + 2 + 28 - w. Let t be y(19). Suppose 12 = 3*u - 4*p - t, -3*u + 93 = p. What is the greatest common factor of 6 and u?
6
Let w(l) = -286*l + 1. Let r be w(-1). Suppose 35*t - 265 = 120. Suppose 0 = -2*z + 93 - t. What is the greatest common factor of r and z?
41
Suppose -250*v + 131*v + 1666 = 0. Calculate the greatest common divisor of 14 and v.
14
Let p = 34 - 19. Let z = -92 + 191. Suppose -3*r + z = -216. What is the highest common factor of r and p?
15
Let t(p) = -33 + 86*p + 70*p - 30*p - 12*p. Let d be t(4). Calculate the highest common divisor of 47 and d.
47
Let v = 43 - 16. What is the highest common divisor of v and 837?
27
Suppose -9*l = -99*l + 360. Calculate the highest common divisor of l and 43.
1
Let l be ((-4)/6)/((-8)/60). Let p(q) = -q**3 + 11*q**2 - 31*q + 15. Let n be p(5). Suppose 36 = n*i - 14. Calculate the highest common factor of i and l.
5
Suppose 0 = -4*g + 16, 4229 = -2*l + 4*g + 1213. Let s be (28/(-6))/(20/l). What is the highest common factor of s and 14?
14
Suppose 11*r + 344 = 377. Calculate the greatest common factor of 1461 and r.
3
Let h(s) be the second derivative of 0 + 5/3*s**3 - 8*s - 13/2*s**2. Let p be h(4). Calculate the highest common divisor of 27 and p.
27
Let c(y) = y**2 - 14*y - 87. Let a be c(19). Suppose 41 + a = 7*s. Suppose 3*n - 2*n = 63. What is the greatest common factor of n and s?
7
Suppose 0 = -4*h - 2*n + 836, 18*n = 13*n - 10. What is the greatest common factor of h and 5502?
42
Suppose -720*n - i + 28 = -716*n, -31*i - 392 = -2*n. Let c(b) = 69*b + 3. Let p be c(3). Let h = p + -100. Calculate the highest common factor of n and h.
10
Let m(t) = 649*t - 6472. Let z be m(10). Calculate the highest common divisor of 1557 and z.
9
Let q(g) = 5*g - 4. Let l be q(3). Suppose -7732 = 6*k - k - 8667. Calculate the greatest common divisor of l and k.
11
Let p = 15745 - 15613. Calculate the highest common divisor of 4224 and p.
132
Let f be -1*2/8 + (-144)/192. Let q = -31 - -24. Let s be f + 70 + 1 + 7 + q. Calculate the greatest common divisor of s and 105.
35
Let l = 3171 + -3059. What is the greatest common divisor of l and 140?
28
Let t(v) be the third derivative of v**5/20 - v**4/6 + 79*v**3/6 + 5*v**2 - 12. Let g be t(-13). Calculate the greatest common factor of g and 11.
11
Suppose -4 = -n - 584. Let j be n/30*-1*3. Let c = -45 + j. What is the greatest common divisor of 117 and c?
13
Let j(q) = q**3 - 31*q**2 + 22*q + 245. Let c be j(30). Let y be (-2)/(8/6 - (c + -3)). Suppose 4*g = 3*g + 6. What is the greatest common divisor of y and g?
3
Suppose -4*u - 34 = 26. Let v(n) = n**2 + 13*n - 4. Let c be v(u). Suppose -c*m + 23*m + 12 = 0. What is the highest common factor of 10 and m?
2
Suppose 0 = -4*z + 8, 14*z - 12*z = 3*f - 41. What is the highest common factor of f and 640?
5
Let a be (-2)/1 + 8*8/32. Suppose a = 8*d + 13 - 45. Calculate the highest common divisor of d and 172.
4
Suppose -5*r = -12*r + 2345. Let c = 817 - r. Suppose -n = -4*p + c, -2*p - 2*n + 232 = 2*n. What is the highest common divisor of 15 and p?
15
Let v be (71 - (-7 - 2))/(-14 + 16). What is the greatest common divisor of 14240 and v?
40
Suppose 3*y - 876 = 7*y. Let m = y + 239. Calculate the highest common factor of m and 110.
10
Let p be ((-22)/3)/(-5*3/90). What is the greatest common divisor of 352 and p?
44
Let l(p) = -p**3 + 7*p**2 - 15*p + 37. Let a = -226 - -230. Let s be l(a). What is the highest common divisor of 725 and s?
25
Suppose 8*r - 67 - 149 = 0. Let w = r - -11. Calculate the greatest common factor of w and 817.
19
Let u be 155/35 - ((-92)/14 - (-102)/17). Calculate the highest common divisor of u and 545.
5
Let n(z) = z**3 + 2*z**2 + 5*z + 16. Let i be n(-3). Let k be (19 + 7)/(i/4). Let w = 29 + k. What is the highest common divisor of w and 8?
8
Suppose 5*s = -2*y + 1665 - 343, 3*s - 814 = 4*y. Let w = 288 - s. Let m(x) = 66*x. Let g be m(2). What is the highest common factor of g and w?
22
Let j be -3*-1*3/9. Let m be (-21)/(-5)*(-13 - (-784)/48). Suppose 2*d - 3*v = -0*v + m, 20 = -5*v. What is the highest common factor of d and j?
1
Let n(s) = 2*s**3 - 54*s**2 + 9*s - 159. Let y be n(27). Suppose 6*x = 2*x + 128. Let q = x + -11. What is the greatest common factor of q and y?
21
Suppose 0 = -186*o + 174*o + 9792. What is the greatest common divisor of o and 792?
24
Let m = -30993 - -52008. What is the greatest common factor of 90 and m?
45
Let o = -126 + 130. Suppose 2*u + 2*g - 11 - 27 = 0, -2*g - 52 = -o*u. What is the highest common factor of u and 90?
15
Let b(p) be the first derivative of -p**2 + 14*p + 32. Let m be b(-23). What is the highest common factor of 12 and m?
12
Let f(s) = -s**3 + 31*s**2 + 34*s - 45. Let q be f(32). Let v = 963 + -640. What is the greatest common factor of q and v?
19
Suppose -28 = -3*b + 80. Suppose -3*a - 2*l - 41 = 0, -17 = a - 3*l + 2*l. Let p be (-10)/a - 25/(-3). What is the greatest common factor of p and b?
9
Suppose 5*t + 4 = 4*f + 24, -3*t + 4*f + 20 = 0. Suppose 6*q - 4 + 52 = t. Let u be 4*4*(-1)/q. Calculate the greatest common factor of u and 4.
2
Suppose 2*k - 5*k = -45. Let s(q) = -3*q**3 + 10*q**2 - 61*q - 71. Let o be s(-1). What is the highest common factor of o and k?
3
Let v(c) = c**3 + 5*c**2 + 6*c + 35. Let k be v(-8). Let l = k - -208. What is the greatest common divisor of l and 2?
1
Let d = 53 - 37. Let c = 1 - -16. Suppose c*a - 1497 = -409. What is the highest common factor of a and d?
16
Let x be ((-3162)/(-153))/(1/90). What is the highest common divisor of x and 480?
60
Let m(d) = -11*d**2 - 21*d + 32. Let s be m(8). Let b = s + 920. Calculate the highest common factor of 90 and b.
10
Let f(o) = -4*o**3 + o**2 + 4*o + 105. Let n be 2/29 - (-114)/(-1653). Let x be f(n). What is the highest common factor of x and 189?
21
Let f be (-196 + 1 + -7)*-2 + -4. Calculate the highest common factor of f and 300.
100
Suppose -5*g = -1586 + 271. Let k = g + -228. Calculate the highest common divisor of k and 35.
35
Let c(l) = 5*l**2 - 5*l - 11. Let z be c(11). Suppose z = 10*a + a. Calculate the highest common divisor of 14 and a.
7
Suppose -4*o = 12*s - 13*s - 35, -o = s - 10. What is the highest common factor of 4167 and o?
9
Let s be 42/(-294)*(-6 - 22). What is the highest common factor of s and 49?
1
Let t be (-51)/(-34)*8/(-3). Let f be (2/t)/((-3)/9006). Suppose 9*v + 349 - f = 0. Calculate the highest common divisor of 16 and v.
16
Suppose -6514*y + 3248*y = -3179*y - 16704. Let t be 36/2*16/6. Calculate the highest common factor of y and t.
48
Let i = -4379 + 4699. Let j be (-3 - (-2 - 17))*5. Calculate the greatest common divisor of j and i.
80
Let r = -329 - -333. Suppose 0 = -r*t + 5*c + 335, -3*t - 5*c = -5*t + 155. What is the highest common factor of 240 and t?
30
Suppose 63*t = 4*y + 64*t - 3773, -t - 7 = 0. What is the greatest common factor of 75 and y?
15
Suppose 0 = -2*g - 2*g + 92. Suppose 2*p = p + g. Let y = -12937 - -13052. Calculate the highest common divisor of p and y.
23
Let r = 4387 + -4386. Let i(u) = -u**2 + 8*u - 5. Let q be i(4). What is the highest common factor of q and r?
1
Let r(w) be the third derivative of -61*w**4/12 - 35*w**3/6 - 17*w**2. Let z be r(-2). Calculate the